{"id":96,"date":"2019-04-18T19:16:57","date_gmt":"2019-04-18T19:16:57","guid":{"rendered":"http:\/\/blog.tsvraunheim.de\/?page_id=96"},"modified":"2025-06-25T13:30:24","modified_gmt":"2025-06-25T11:30:24","slug":"tanzsport-tsa","status":"publish","type":"page","link":"https:\/\/tsvraunheim.de\/?page_id=96","title":{"rendered":"Tanzsport TSA"},"content":{"rendered":"<div>\n<h1>Tanzsport-Abteilung (TSA)<\/h1>\n<p>Lust an Bewegung und Tanz?<\/p>\n<p>Dann seid Ihr bei uns richtig!<\/p>\n<p>Die Tanzsportabteilung (TSA) des TSV 1882 e.V. Raunheim ist Mitglied im Deutschen Verband f\u00fcr Garde- und Schautanzsport (DVG), der dem Deutschen Tanzsport Verband (DTV) und dem Deutschen Sportbund (DSB) angeh\u00f6rt.<\/p>\n<p>Wir treten seit Ende der 80iger Jahre im Bereich Schautanz bei Turnieren des DVG an. In den vergangenen 40 Jahren konnten unsere Gruppen, sowie ebenfalls startende Solisten und Duos, bereits zahlreiche Titel bei den Meisterschaften des DVG erringen.\u00a0 Angefangen von Hessenmeistern \u00fcber Deutsche Meister bis hin zu Europameistern.<\/p>\n<p>Die Diamondsfamilie des TSV besteht derzeit aus rund 180 Mitgliedern, die in 6 Altersgruppen unterteilt sind.<\/p>\n<p><img loading=\"lazy\" decoding=\"async\" class=\"aligncenter size-large wp-image-270\" src=\"https:\/\/tsvraunheim.de\/wp-content\/uploads\/2019\/12\/TSA1-1024x949.jpg\" alt=\"\" width=\"525\" height=\"487\" srcset=\"https:\/\/tsvraunheim.de\/wp-content\/uploads\/2019\/12\/TSA1-1024x949.jpg 1024w, https:\/\/tsvraunheim.de\/wp-content\/uploads\/2019\/12\/TSA1-300x278.jpg 300w, https:\/\/tsvraunheim.de\/wp-content\/uploads\/2019\/12\/TSA1-768x712.jpg 768w, https:\/\/tsvraunheim.de\/wp-content\/uploads\/2019\/12\/TSA1-1536x1424.jpg 1536w, https:\/\/tsvraunheim.de\/wp-content\/uploads\/2019\/12\/TSA1.jpg 1782w\" sizes=\"auto, (max-width: 525px) 100vw, 525px\" \/><\/p>\n<p>Unsere Teams fangen an mit den 3-j\u00e4hrigen Minis, die wir spielerisch an diesen sch\u00f6nen Sport heranf\u00fchren. Weiter geht es dann, entsprechend dem Alter und dem Leistungsstand, von den sogenannten Aufbaugruppen bis hin zu den Sch\u00fcler- und Jugendturniergruppen. Ab dem Alter von 16 Jahren bis hin zu jungen Erwachsenen gibt es eine weitere Gruppe mit T\u00e4nzer\/innen, die ebenfalls dieser sch\u00f6nen Freizeitbesch\u00e4ftigung mit viel Engagement nachgeht.<\/p>\n<p>Mitmachen kann jeder, der Spa\u00df am Tanzen und tollen gemeinsamen Teamerlebnissen hat.<\/p>\n<p>Ein Sport, der alle Altersgruppen begeistert!<\/p>\n<p>N\u00e4here Informationen zu den Diamonds findet Ihr auf unser eigenen Internetseite unter <a href=\"http:\/\/www.diamonds-tsv-raunheim.de\">http:\/\/www.diamonds-tsv-raunheim.de<\/a><\/p>\n<p>Noch Fragen dazu? Dann meldet Euch bitte bei unserem Abteilungsleiter Sven Kuchta.<\/p>\n<p>E-Mail: diamonds.sven@gmail.com<\/p>\n<\/div>\n<div><img loading=\"lazy\" decoding=\"async\" class=\"aligncenter size-large wp-image-271\" src=\"https:\/\/tsvraunheim.de\/wp-content\/uploads\/2019\/12\/TSA2-1024x670.jpg\" alt=\"\" width=\"525\" height=\"344\" srcset=\"https:\/\/tsvraunheim.de\/wp-content\/uploads\/2019\/12\/TSA2-1024x670.jpg 1024w, https:\/\/tsvraunheim.de\/wp-content\/uploads\/2019\/12\/TSA2-300x196.jpg 300w, https:\/\/tsvraunheim.de\/wp-content\/uploads\/2019\/12\/TSA2-768x503.jpg 768w, https:\/\/tsvraunheim.de\/wp-content\/uploads\/2019\/12\/TSA2-1536x1005.jpg 1536w, https:\/\/tsvraunheim.de\/wp-content\/uploads\/2019\/12\/TSA2-2048x1340.jpg 2048w\" sizes=\"auto, (max-width: 525px) 100vw, 525px\" \/><br \/>Hier finden Sie die aktuellen Trainingszeiten:<\/div>\n<div>\u00a0<\/div>\n<div>\u00a0<\/div>\n\n<a href=\"https:\/\/tsvraunheim.de\/wp-content\/uploads\/2024\/05\/HP-Gruppenliste-Diamonds-Trainingszeiten-Mai-2024.pdf\" class=\"pdfemb-viewer\" style=\"\" data-width=\"max\" data-height=\"max\" data-toolbar=\"bottom\" data-toolbar-fixed=\"off\">HP-Gruppenliste-Diamonds-Trainingszeiten-Mai-2024<\/a>\n\n\n<p><\/p>\n","protected":false},"excerpt":{"rendered":"<p>Tanzsport-Abteilung (TSA) Lust an Bewegung und Tanz? Dann seid Ihr bei uns richtig! Die Tanzsportabteilung (TSA) des TSV 1882 e.V. Raunheim ist Mitglied im Deutschen Verband f\u00fcr Garde- und Schautanzsport (DVG), der dem Deutschen Tanzsport Verband (DTV) und dem Deutschen Sportbund (DSB) angeh\u00f6rt. Wir treten seit Ende der 80iger Jahre im Bereich Schautanz bei Turnieren &hellip; <\/p>\n<p class=\"link-more\"><a href=\"https:\/\/tsvraunheim.de\/?page_id=96\" class=\"more-link\"><span class=\"screen-reader-text\">\u201eTanzsport TSA\u201c <\/span>weiterlesen<\/a><\/p>\n","protected":false},"author":1,"featured_media":0,"parent":0,"menu_order":0,"comment_status":"closed","ping_status":"closed","template":"","meta":{"footnotes":""},"class_list":["post-96","page","type-page","status-publish","hentry"],"_links":{"self":[{"href":"https:\/\/tsvraunheim.de\/index.php?rest_route=\/wp\/v2\/pages\/96","targetHints":{"allow":["GET"]}}],"collection":[{"href":"https:\/\/tsvraunheim.de\/index.php?rest_route=\/wp\/v2\/pages"}],"about":[{"href":"https:\/\/tsvraunheim.de\/index.php?rest_route=\/wp\/v2\/types\/page"}],"author":[{"embeddable":true,"href":"https:\/\/tsvraunheim.de\/index.php?rest_route=\/wp\/v2\/users\/1"}],"replies":[{"embeddable":true,"href":"https:\/\/tsvraunheim.de\/index.php?rest_route=%2Fwp%2Fv2%2Fcomments&post=96"}],"version-history":[{"count":12,"href":"https:\/\/tsvraunheim.de\/index.php?rest_route=\/wp\/v2\/pages\/96\/revisions"}],"predecessor-version":[{"id":1148,"href":"https:\/\/tsvraunheim.de\/index.php?rest_route=\/wp\/v2\/pages\/96\/revisions\/1148"}],"wp:attachment":[{"href":"https:\/\/tsvraunheim.de\/index.php?rest_route=%2Fwp%2Fv2%2Fmedia&parent=96"}],"curies":[{"name":"wp","href":"https:\/\/api.w.org\/{rel}","templated":true}]}}